- -2 prime?
False
Suppose h + 2*h - 879 = 0. Is h a prime number?
True
Let x = -12 + 16. Suppose 2*h - x*d = -3*h + 429, 4*d = 3*h - 259. Is h a prime number?
False
Suppose -5*s + 1023 + 1502 = 0. Is s a prime number?
False
Let l = 5 + -11. Let q = 3 + -4. Is (q - 1)/(l/339) a composite number?
False
Is (-2)/8 - (3 + (-48836)/16) a composite number?
False
Let d(v) = -37*v - 6. Is d(-7) composite?
True
Suppose 10*t = 5*t - 610. Let y = t - -181. Suppose 0*v = v - y. Is v composite?
False
Let t(z) = z**3 + z**2 + 2*z + 303. Is t(0) a composite number?
True
Let f(c) = 3*c - 1. Let u be f(1). Suppose 3*s + 4*y - 26 = 8*s, 2*y - 10 = u*s. Is 116 + 3/s*2 a prime number?
False
Let m = 5418 - 2353. Is m composite?
True
Suppose -5*r = 20, s - 8 = -3*s + 2*r. Is (305 - (s - -3)) + -1 a composite number?
True
Let a(f) = f**2 - 4*f + 3. Let g be a(1). Suppose u - 37 - 34 = g. Is u composite?
False
Let o = 278 + -587. Is o/(-6)*(2 + 0) a composite number?
False
Suppose -7010 = 2*j - 12*j. Is j prime?
True
Let i be (-20)/90 - (-382)/18. Let q = 128 + i. Is q a composite number?
False
Let j(i) = -i**3 - 12*i**2 + 5*i + 6. Let x(b) = b**3 + 13*b**2 - 6*b - 7. Let l(f) = 6*j(f) + 5*x(f). Let a be l(-7). Is (-2 - 51)/(a/(-1)) composite?
False
Let m = -40 + 129. Is m composite?
False
Is (424/4)/(4/2) a prime number?
True
Suppose 0 = 4*k - 12, m - k - 1829 = -5*k. Is m a composite number?
True
Suppose x = -3*x - u + 1274, -311 = -x - 4*u. Is x a composite number?
True
Suppose 3*v - z = -20, -5*z + 12 + 18 = -v. Let m = v + 8. Suppose -3*k + 8*k = -2*x + 107, 3*k = m. Is x a prime number?
False
Let d(c) = -c**3 - 6*c**2 - 9*c - 3. Is d(-7) composite?
False
Suppose 0 = 2*g - 1157 - 17. Is g a composite number?
False
Suppose -4*u = 139 - 27. Let a = 81 + u. Is a a prime number?
True
Let y = 196 - 83. Is y a prime number?
True
Suppose n - 4*o + 283 = 2*n, 4*n - o - 1200 = 0. Let w = n - 630. Is w/(-7) + (-4)/14 a prime number?
True
Let g be (-1)/(-4) + (-94)/(-8). Suppose 14 = -2*d + 4*l - 10, -2*d + g = 5*l. Is (106/d)/((-5)/10) a prime number?
True
Let w(j) = -2*j - 11. Let l(v) = -3*v - 17. Let k(r) = -5*l(r) + 8*w(r). Is k(-5) prime?
True
Suppose -12 = -5*n + 2*n. Suppose 0 = -5*i + n*k + 111 + 212, -4*k = -2*i + 122. Is i a composite number?
False
Suppose 4*z + 0*z - 14 = -2*k, 3*k = 5*z - 1. Is (-31 + 0)/(k/(-3)) composite?
False
Suppose -3*x + 2*x + 196 = 0. Suppose -x = -5*y + 129. Is y a prime number?
False
Suppose -213 - 23 = -4*b. Is b prime?
True
Let h = -5 - -5. Suppose t - 2*t + 163 = h. Suppose -2*l + t + 119 = 0. Is l prime?
False
Suppose -767 = -9*b + 250. Is b composite?
False
Let g(u) = -8*u**3 + 4*u**2 + 6*u + 5. Is g(-6) composite?
True
Suppose 5*h = 4*j, 3*h + 8 = 4*j - 0*h. Is (-46)/(-8)*(j - 1) prime?
True
Suppose 4*x + x - 2011 = -2*c, -x + 2*c = -407. Is x a prime number?
False
Let s = -10 + 7. Let p = s - -6. Suppose 91 + 56 = p*l. Is l composite?
True
Let q(u) = 211 + 11 + u + 29. Is q(0) composite?
False
Suppose -12 = -3*f - 3. Suppose -f*z - 1361 = -6*p + p, -4*p + 1360 = -3*z. Is (z/6)/(8/(-12)) prime?
True
Let g be (6*-1)/(-3) - -2. Let z be (-62)/(((-2)/g)/1). Suppose -3*u + 107 + z = 0. Is u prime?
False
Suppose -4*b - 6 = -38. Suppose 2*u = -3*h + b*h - 403, h - 75 = -u. Is h a prime number?
True
Suppose -4*c - c = -2*g + 4505, -g + 3*c + 2254 = 0. Suppose 0 = -5*h + j + g, j + 449 = h + 3*j. Is h composite?
False
Suppose 3*g + 3 = -5*m - 0, 2*m = -3*g - 3. Let s be m + -3 + 3 - 0. Suppose -v - 3 = s, c + 3*v + v = 9. Is c a composite number?
True
Suppose 5*h + u = -15, 0 = -3*h - 3*u + 1 + 2. Is (1767/(-9))/(h/12) a composite number?
True
Let z = 32 + -20. Let h = -11 + 17. Let y = z - h. Is y prime?
False
Let d(f) = 105*f**2 + 2*f - 1. Let q be d(1). Suppose 19 = t - 5*x, -4*t - 3*x + 13 = -2*x. Is 2 - -2*q/t a prime number?
False
Let m(v) = v**3 + 6*v**2 - 2*v + 2. Let z be m(-6). Let o = 33 + z. Is o composite?
False
Suppose -2*o + 7*o = 80. Suppose -1 = 3*u - o. Suppose u*z = z + 28. Is z a composite number?
False
Is (0 + 43106/(-21))*(-3)/2 composite?
False
Let t(z) = -313*z + 1. Let g be t(-2). Let j = -370 + g. Is j composite?
False
Suppose 19 = 4*r - 25. Let d = r - 6. Suppose -d*c - 3*a = -185, -3*c + 2*c + 2*a = -37. Is c composite?
False
Let c be -1 + 12/(2 + 2). Suppose 834 = c*u - 2*x, 822 = 5*u - 3*u + x. Is u a composite number?
True
Suppose -131 = -5*f - 41. Suppose 17*c = 15*c + 10. Let h = f - c. Is h a prime number?
True
Let d be 48/28 - (-2)/7. Suppose 0 = -3*o + d*o + 15. Is o prime?
False
Suppose -4*w + m = -474, -3*w - 3*m + 133 + 215 = 0. Is w composite?
True
Suppose 0 = 2*m + 3*c - c + 2, 0 = -4*m + c + 21. Suppose -m*b = -n - 116, -2*b - 3*n + 54 = -18. Let z = 53 + b. Is z composite?
False
Let y(w) = 4*w**2 + 6*w - 17. Is y(16) a composite number?
False
Suppose -2*z + z - 8 = 0. Let x(c) = -9*c + 8. Let h(b) = 28*b - 23. Let a(m) = z*x(m) - 3*h(m). Is a(-4) a composite number?
False
Suppose 0 = -2*v - 4*j + 34, 4*v - 3*v - 5*j + 18 = 0. Suppose -v*m = -4*m - 1455. Is m prime?
False
Let i(n) = -5*n + 1. Let y be i(-1). Let l(p) = p**3 - 5*p**2 - 4*p - 5. Let r be l(y). Suppose r*g = 4*g + 147. Is g prime?
False
Let l(x) = 190*x**3 + x**2 + 2*x - 2. Let b = 11 - 10. Is l(b) prime?
True
Let s(r) = -r**3 + r**2 + 455. Let k be s(0). Suppose -3*p = -8*p + k. Is p prime?
False
Suppose 4*b - 520 - 58 = -5*z, -4*z = -4*b - 484. Suppose 4*w + 34 = z. Is w composite?
True
Let y(i) be the second derivative of -25*i**3/6 - i**2/2 + 4*i. Is y(-2) composite?
True
Suppose 0*o = o - 18. Suppose h - 4*h + o = 0. Is h a composite number?
True
Suppose -4*b - 2*u + 16 = 0, -7*b + 2*b + 20 = -3*u. Suppose 3*t - 577 = b*k, -t = -4*k - 22 - 173. Is t a prime number?
True
Suppose -3*l + 1797 = -6*l. Let j = -425 - l. Let z = -41 + j. Is z a composite number?
True
Suppose 7*w = 2*w - 5*x + 5345, -5*x - 1081 = -w. Let k = w + -536. Is k a prime number?
False
Let o(d) = 11*d. Let w be o(5). Let l be (-1)/(-3) - w/(-15). Suppose -l*q = -144 - 132. Is q a prime number?
False
Suppose -3*n + f = -f - 12, -8 = -2*n + f. Suppose 5*q - 177 = -2*u, -n*q + 5*u + 112 = -23. Is q a prime number?
False
Let z = 594 + 41. Is z composite?
True
Suppose 7*x + 3 = 4*x - 3*r, 5*x - 5*r + 5 = 0. Let u(k) = -56*k**3 + k**2 + k + 1. Let t be u(x). Is (t/9)/(1/3) a prime number?
True
Suppose 0 = -3*a - 4*m + 133 + 82, 3*a - 2*m = 239. Let b = a - 30. Suppose b = 2*l - l. Is l a composite number?
False
Let g(c) = -3*c**3 - 2*c**2 + 4*c - 3. Let r be g(2). Let d = r + 158. Is d composite?
False
Let c = 4 + -2. Let v be (c - (-56 + -2))*1. Suppose -p + 59 + v = 0. Is p composite?
True
Suppose 42 = -5*h + 227. Suppose 0*z + z - h = 0. Is z a composite number?
False
Is (-24)/(-8) + (-16)/(-1) composite?
False
Let u = 810 - 53. Is u a composite number?
False
Let r(z) = -24*z**3 + 3*z**2 - 3*z - 2. Is r(-4) composite?
True
Let i(r) = -52*r**3 + 5*r + 7. Is i(-2) a prime number?
False
Suppose 5*x = -2 - 18, 4*x = -2*c - 8. Suppose 4*o = -c*l + 1412, 5*o + 4*l = 4*o + 341. Suppose 0*g = -3*g + o. Is g a prime number?
False
Suppose -4*w + 2049 = -3*m - 1492, 2*m + 4435 = 5*w. Is w a prime number?
False
Suppose p = 2*l + 5 - 66, p = -5*l + 142. Let k = 13 - l. Let w = k + 71. Is w a prime number?
False
Suppose 0 = -5*k + 158 + 507. Is k composite?
True
Let c be -1*((-2)/(-2) - 3). Suppose -c*g - 3*g = -35. Is g prime?
True
Let i(m) = 11 - 4*m + 3*m**2 + m**2 - 4 + 0*m**2. Is i(-5) a composite number?
False
Suppose 15*i + 614 = 17*i. Is i composite?
False
Is (-2)/15 - (-6209)/105 a prime number?
True
Suppose 2*s = 2*b + 5*s - 978, 0 = -4*s + 16. Let v = -190 + b. Is v composite?
False
Let g = 14 - -367. Is g composite?
True
Let i(u) = u**2 + u - 2. Let j be i(-4). Let w = 1 + -7. Let h = j + w. Is h composite?
True
Let l(q) = q - 261. Let x be l(0). Let r = 411 - x. Suppose -5*w - 217 = -r. Is w prime?
False
Let q = -62 + -15. Is (q/(-3))/(3/9) a prime number?
False
Let q(m) = 108*m + 1. Is q(5) composite?
False
Let y(o) be the second derivative of -o**5/40 - 5*o**4/24 - o**3/6 - 2*o. Let b(w) be the second derivative of y(w). Is b(-4) a prime number?
True
Is (8/3 - 2) + 631/3 prime?
True
Is (0 + 1)/(5/485) composite?
False
Let o(v) be the third derivative of -